{"id":647,"date":"2026-05-12T00:41:58","date_gmt":"2026-05-12T00:41:58","guid":{"rendered":"https:\/\/dentibrackets.mx\/?page_id=647"},"modified":"2026-05-14T01:55:22","modified_gmt":"2026-05-14T01:55:22","slug":"agenda-online","status":"publish","type":"page","link":"https:\/\/dentibrackets.mx\/index.php\/agenda-online\/","title":{"rendered":"Agenda Online"},"content":{"rendered":"\t\t<div data-elementor-type=\"wp-page\" data-elementor-id=\"647\" class=\"elementor elementor-647\" data-elementor-settings=\"{&quot;element_pack_global_tooltip_width&quot;:{&quot;unit&quot;:&quot;px&quot;,&quot;size&quot;:&quot;&quot;,&quot;sizes&quot;:[]},&quot;element_pack_global_tooltip_width_tablet&quot;:{&quot;unit&quot;:&quot;px&quot;,&quot;size&quot;:&quot;&quot;,&quot;sizes&quot;:[]},&quot;element_pack_global_tooltip_width_mobile&quot;:{&quot;unit&quot;:&quot;px&quot;,&quot;size&quot;:&quot;&quot;,&quot;sizes&quot;:[]},&quot;element_pack_global_tooltip_padding&quot;:{&quot;unit&quot;:&quot;px&quot;,&quot;top&quot;:&quot;&quot;,&quot;right&quot;:&quot;&quot;,&quot;bottom&quot;:&quot;&quot;,&quot;left&quot;:&quot;&quot;,&quot;isLinked&quot;:true},&quot;element_pack_global_tooltip_padding_tablet&quot;:{&quot;unit&quot;:&quot;px&quot;,&quot;top&quot;:&quot;&quot;,&quot;right&quot;:&quot;&quot;,&quot;bottom&quot;:&quot;&quot;,&quot;left&quot;:&quot;&quot;,&quot;isLinked&quot;:true},&quot;element_pack_global_tooltip_padding_mobile&quot;:{&quot;unit&quot;:&quot;px&quot;,&quot;top&quot;:&quot;&quot;,&quot;right&quot;:&quot;&quot;,&quot;bottom&quot;:&quot;&quot;,&quot;left&quot;:&quot;&quot;,&quot;isLinked&quot;:true},&quot;element_pack_global_tooltip_border_radius&quot;:{&quot;unit&quot;:&quot;px&quot;,&quot;top&quot;:&quot;&quot;,&quot;right&quot;:&quot;&quot;,&quot;bottom&quot;:&quot;&quot;,&quot;left&quot;:&quot;&quot;,&quot;isLinked&quot;:true},&quot;element_pack_global_tooltip_border_radius_tablet&quot;:{&quot;unit&quot;:&quot;px&quot;,&quot;top&quot;:&quot;&quot;,&quot;right&quot;:&quot;&quot;,&quot;bottom&quot;:&quot;&quot;,&quot;left&quot;:&quot;&quot;,&quot;isLinked&quot;:true},&quot;element_pack_global_tooltip_border_radius_mobile&quot;:{&quot;unit&quot;:&quot;px&quot;,&quot;top&quot;:&quot;&quot;,&quot;right&quot;:&quot;&quot;,&quot;bottom&quot;:&quot;&quot;,&quot;left&quot;:&quot;&quot;,&quot;isLinked&quot;:true}}\">\n\t\t\t\t<div class=\"elementor-element elementor-element-70f84d2f e-flex e-con-boxed e-con e-parent\" data-id=\"70f84d2f\" data-element_type=\"container\" data-e-type=\"container\" data-settings=\"{&quot;background_background&quot;:&quot;classic&quot;}\">\n\t\t\t\t\t<div class=\"e-con-inner\">\n\t\t<div class=\"elementor-element elementor-element-410f31e2 e-con-full e-flex e-con e-child\" data-id=\"410f31e2\" data-element_type=\"container\" data-e-type=\"container\" data-settings=\"{&quot;background_background&quot;:&quot;classic&quot;}\">\n\t\t\t\t<div class=\"elementor-element elementor-element-71c14689 elementor-widget-mobile__width-initial ui-e-a-animate elementor-invisible elementor-widget elementor-widget-highlighted-text\" data-id=\"71c14689\" data-element_type=\"widget\" data-e-type=\"widget\" data-settings=\"{&quot;_animation&quot;:&quot;fadeInUp&quot;,&quot;_animation_delay&quot;:250}\" data-widget_type=\"highlighted-text.default\">\n\t\t\t\t\t        <h2 class=\"ui-e--highlighted-text\">\n            <span class=\"ui-e-headline-text elementor-repeater-item-114b631\">Let\u2019s Scale <br> with<\/span><span class=\"ui-e-headline-text elementor-repeater-item-c439197 ui-e-headline-color\">\n\t\t\t\t\t\t\t\t\t<span class=\"whitespace\"><\/span>\n                                    <span>\n                                        <span class=\"ui-e-headline-text ui-e-headline-highlighted\">Confidence<\/span><span class=\"uicore-svg-wrapper\"><svg xmlns=\"http:\/\/www.w3.org\/2000\/svg\" viewBox=\"0 0 500 150\" preserveAspectRatio=\"none\"><\/svg><\/span><\/span> <span class=\"whitespace\"> <\/span><\/span>        <\/h2>\n    \t\t\t\t<\/div>\n\t\t\t\t<div class=\"elementor-element elementor-element-1549dc18 elementor-invisible elementor-widget elementor-widget-text-editor\" data-id=\"1549dc18\" data-element_type=\"widget\" data-e-type=\"widget\" data-settings=\"{&quot;_animation&quot;:&quot;fadeInUp&quot;,&quot;_animation_delay&quot;:500}\" data-widget_type=\"text-editor.default\">\n\t\t\t\t\t\t\t\t\t<p>Discover the Future of Corporate Financial Management<\/p>\t\t\t\t\t\t\t\t<\/div>\n\t\t\t\t<div class=\"elementor-element elementor-element-4f139f70 ui-e-submit-align--stretch elementor-invisible elementor-widget elementor-widget-uicore-contact-form\" data-id=\"4f139f70\" data-element_type=\"widget\" data-e-type=\"widget\" data-settings=\"{&quot;_animation&quot;:&quot;fadeInUp&quot;,&quot;_animation_delay&quot;:750}\" data-widget_type=\"uicore-contact-form.default\">\n\t\t\t\t\t\n        <form class=\"ui-e-form\" method=\"post\" name=\"New Form\">\n\n            <input type=\"hidden\" name=\"post_id\" value=\"647\" \/>\n            <input type=\"hidden\" name=\"widget_type\" value=\"contact-form\">\n\n            <input type=\"hidden\" name=\"required_fields_message\" value=\"Fill all required fields.\">\n\n            <div class=\"ui-e-fields-wrp\">\n\n                \n                    <div class=\"ui-e-field-type-text ui-e-field-group elementor-column ui-e-field-group-name elementor-col-50 \">\n                                                        <input size=\"1\" type=\"text\" name=\"form_fields[name]\" id=\"form-field-name\" class=\"ui-e-field  ui-e-field-textual\" placeholder=\"John\" required=\"required\" aria-required=\"true\">\n                                            <\/div>\n\n                \n                    <div class=\"ui-e-field-type-text ui-e-field-group elementor-column ui-e-field-group-name elementor-col-50 \">\n                                                        <input size=\"1\" type=\"text\" name=\"form_fields[name]\" id=\"form-field-name\" class=\"ui-e-field  ui-e-field-textual\" placeholder=\"Doe\" required=\"required\" aria-required=\"true\">\n                                            <\/div>\n\n                \n                    <div class=\"ui-e-field-type-email ui-e-field-group elementor-column ui-e-field-group-email elementor-col-50 \">\n                                                        <input size=\"1\" type=\"email\" name=\"form_fields[email]\" id=\"form-field-email\" class=\"ui-e-field  ui-e-field-textual\" placeholder=\"marketing@nietzsche.com\" required=\"required\" aria-required=\"true\">\n                                            <\/div>\n\n                \n                    <div class=\"ui-e-field-type-tel ui-e-field-group elementor-column ui-e-field-group- elementor-col-50 \">\n                                                        <input size=\"1\" type=\"tel\" name=\"form_fields[]\" id=\"form-field-\" class=\"ui-e-field  ui-e-field-textual\" placeholder=\"6112341234\" required=\"required\" aria-required=\"true\">\n                                            <\/div>\n\n                \n                    <div class=\"ui-e-field-type-text ui-e-field-group elementor-column ui-e-field-group-name elementor-col-100 \">\n                                                        <input size=\"1\" type=\"text\" name=\"form_fields[name]\" id=\"form-field-name\" class=\"ui-e-field  ui-e-field-textual\" placeholder=\"Nietzsche Corporate\" required=\"required\" aria-required=\"true\">\n                                            <\/div>\n\n                \n                    <div class=\"ui-e-field-type-checkbox ui-e-field-group elementor-column ui-e-field-group-message elementor-col-100\">\n                                                    <label for=\"form-field-message\" class=\"ui-e-label\">\n                                Current Challenges:                            <\/label>\n                            <div class=\"ui-e-field-subgroup  \"><span class=\"ui-e-field-option\"><input type=\"checkbox\" value=\"\" id=\"form-field-message-0\" name=\"form_fields[message]\"> <label for=\"form-field-message-0\"><\/label><\/span><\/div>                    <\/div>\n\n                \n                    <div class=\"ui-e-field-type-acceptance ui-e-field-group elementor-column ui-e-field-group- elementor-col-100 \">\n                                <div class=\"ui-e-field-subgroup \">\n            <input type=\"checkbox\" name=\"form_fields[]\" id=\"form-field-\" class=\"ui-e-field  ui-e-acceptance-field\" required=\"required\" aria-required=\"true\" checked=\"checked\">\n            <label for=\"form-field-\">I agree to receive communications from Kley, and I understand Kley will process my personal information in accordance with Kley Privacy Policy.<\/label>        <\/div>\n                        <\/div>\n\n                \n                <div class=\"ui-e-field-group elementor-column ui-e-field-type-submit elementor-col-100 e-form__buttons\">\n                    <button type=\"submit\" class=\"elementor-button\">\n                        <span >\n                                                            <span class=\"\">\n                                                                                                        <\/span>\n                                                                                        <span class=\"ui-e-text\">Send<\/span>\n                                                    <\/span>\n                    <\/button>\n                <\/div>\n\n            <\/div>\n\n            <div class=\"ui-e-message \">\n                            <\/div>\n        <\/form>\n                <script>\n            window.ui_e_form_validation_messages = {\"required_fields\":\"Fill all required fields.\"};\n        <\/script>\n\t\t\t\t<\/div>\n\t\t\t\t<\/div>\n\t\t<div class=\"elementor-element elementor-element-4f765767 e-con-full e-flex elementor-invisible e-con e-child\" data-id=\"4f765767\" data-element_type=\"container\" data-e-type=\"container\" data-settings=\"{&quot;background_background&quot;:&quot;classic&quot;,&quot;animation&quot;:&quot;fadeInRight&quot;}\">\n\t\t\t\t<div class=\"elementor-element elementor-element-6c949035 elementor-widget__width-initial elementor-widget elementor-widget-heading\" data-id=\"6c949035\" data-element_type=\"widget\" data-e-type=\"widget\" data-widget_type=\"heading.default\">\n\t\t\t\t\t<h3 class=\"elementor-heading-title elementor-size-default\">Startup Solutions<\/h3>\t\t\t\t<\/div>\n\t\t\t\t<div class=\"elementor-element elementor-element-5e54292f elementor-widget elementor-widget-text-editor\" data-id=\"5e54292f\" data-element_type=\"widget\" data-e-type=\"widget\" data-widget_type=\"text-editor.default\">\n\t\t\t\t\t\t\t\t\t<p>Discover How Kley Can Transform Your Business Finances<\/p>\t\t\t\t\t\t\t\t<\/div>\n\t\t\t\t<div class=\"elementor-element elementor-element-59991e09 ui-e-icon-left ui-e-left elementor-align-left elementor-widget elementor-widget-uicore-icon-list\" data-id=\"59991e09\" data-element_type=\"widget\" data-e-type=\"widget\" data-widget_type=\"uicore-icon-list.default\">\n\t\t\t\t\t        <ul>\n                            <li >\n\n                    <div class=\"ui-e-wrap\">\n                    \n                    \n                    <div class=\"ui-e-content\">\n                        <span class=\"ui-e-title\">\n                            The demo will be tailored to your specific needs and goals.                        <\/span>\n                        <p class=\"ui-e-text\">  <\/p>\n                    <\/div>\n\n                                            <div class=\"ui-e-icon\">\n                            <svg aria-hidden=\"true\" class=\"e-font-icon-svg e-fas-check-circle\" viewBox=\"0 0 512 512\" xmlns=\"http:\/\/www.w3.org\/2000\/svg\"><path d=\"M504 256c0 136.967-111.033 248-248 248S8 392.967 8 256 119.033 8 256 8s248 111.033 248 248zM227.314 387.314l184-184c6.248-6.248 6.248-16.379 0-22.627l-22.627-22.627c-6.248-6.249-16.379-6.249-22.628 0L216 308.118l-70.059-70.059c-6.248-6.248-16.379-6.248-22.628 0l-22.627 22.627c-6.248 6.248-6.248 16.379 0 22.627l104 104c6.249 6.249 16.379 6.249 22.628.001z\"><\/path><\/svg>                        <\/div>\n                    \n                    <\/div>\n                <\/li>\n                            <li >\n\n                    <div class=\"ui-e-wrap\">\n                    \n                    \n                    <div class=\"ui-e-content\">\n                        <span class=\"ui-e-title\">\n                             Learn about Kley's features and benefits, including corporate card management, financial oversight, travel, and business account spending.                        <\/span>\n                        <p class=\"ui-e-text\">  <\/p>\n                    <\/div>\n\n                                            <div class=\"ui-e-icon\">\n                            <svg aria-hidden=\"true\" class=\"e-font-icon-svg e-fas-check-circle\" viewBox=\"0 0 512 512\" xmlns=\"http:\/\/www.w3.org\/2000\/svg\"><path d=\"M504 256c0 136.967-111.033 248-248 248S8 392.967 8 256 119.033 8 256 8s248 111.033 248 248zM227.314 387.314l184-184c6.248-6.248 6.248-16.379 0-22.627l-22.627-22.627c-6.248-6.249-16.379-6.249-22.628 0L216 308.118l-70.059-70.059c-6.248-6.248-16.379-6.248-22.628 0l-22.627 22.627c-6.248 6.248-6.248 16.379 0 22.627l104 104c6.249 6.249 16.379 6.249 22.628.001z\"><\/path><\/svg>                        <\/div>\n                    \n                    <\/div>\n                <\/li>\n                            <li >\n\n                    <div class=\"ui-e-wrap\">\n                    \n                    \n                    <div class=\"ui-e-content\">\n                        <span class=\"ui-e-title\">\n                            Ask questions and get real-time answers from our experts.                        <\/span>\n                        <p class=\"ui-e-text\">  <\/p>\n                    <\/div>\n\n                                            <div class=\"ui-e-icon\">\n                            <svg aria-hidden=\"true\" class=\"e-font-icon-svg e-fas-check-circle\" viewBox=\"0 0 512 512\" xmlns=\"http:\/\/www.w3.org\/2000\/svg\"><path d=\"M504 256c0 136.967-111.033 248-248 248S8 392.967 8 256 119.033 8 256 8s248 111.033 248 248zM227.314 387.314l184-184c6.248-6.248 6.248-16.379 0-22.627l-22.627-22.627c-6.248-6.249-16.379-6.249-22.628 0L216 308.118l-70.059-70.059c-6.248-6.248-16.379-6.248-22.628 0l-22.627 22.627c-6.248 6.248-6.248 16.379 0 22.627l104 104c6.249 6.249 16.379 6.249 22.628.001z\"><\/path><\/svg>                        <\/div>\n                    \n                    <\/div>\n                <\/li>\n                    <\/ul>\n\t\t\t\t<\/div>\n\t\t\t\t<\/div>\n\t\t\t\t\t<\/div>\n\t\t\t\t<\/div>\n\t\t\t\t<\/div>\n\t\t","protected":false},"excerpt":{"rendered":"<p>Let\u2019s Scale with Confidence Discover the Future of Corporate Financial Management Current Challenges: I agree to receive communications from Kley, and I understand Kley will process my personal information in accordance with Kley Privacy Policy. Send Startup Solutions Discover How Kley Can Transform Your Business Finances The demo will be tailored to your specific needs [&hellip;]<\/p>\n","protected":false},"author":1,"featured_media":0,"parent":0,"menu_order":0,"comment_status":"closed","ping_status":"closed","template":"elementor_header_footer","meta":{"_sitemap_exclude":false,"_sitemap_priority":"","_sitemap_frequency":"","footnotes":""},"class_list":["post-647","page","type-page","status-publish","hentry"],"yoast_head":"<!-- This site is optimized with the Yoast SEO plugin v27.6 - https:\/\/yoast.com\/product\/yoast-seo-wordpress\/ -->\n<title>Agenda Online - Dentibrackets\u00ae Cl\u00ednica Dental en Ciudad de M\u00e9xico | Todas las especialidades en un mismo lugar | Dentista Cerca De M\u00ed<\/title>\n<meta name=\"robots\" content=\"index, follow, max-snippet:-1, max-image-preview:large, max-video-preview:-1\" \/>\n<link rel=\"canonical\" href=\"https:\/\/dentibrackets.mx\/index.php\/agenda-online\/\" \/>\n<meta property=\"og:locale\" content=\"es_ES\" \/>\n<meta property=\"og:type\" content=\"article\" \/>\n<meta property=\"og:title\" content=\"Agenda Online - Dentibrackets\u00ae Cl\u00ednica Dental en Ciudad de M\u00e9xico | Todas las especialidades en un mismo lugar | Dentista Cerca De M\u00ed\" \/>\n<meta property=\"og:description\" content=\"Let\u2019s Scale with Confidence Discover the Future of Corporate Financial Management Current Challenges: I agree to receive communications from Kley, and I understand Kley will process my personal information in accordance with Kley Privacy Policy. Send Startup Solutions Discover How Kley Can Transform Your Business Finances The demo will be tailored to your specific needs [&hellip;]\" \/>\n<meta property=\"og:url\" content=\"https:\/\/dentibrackets.mx\/index.php\/agenda-online\/\" \/>\n<meta property=\"og:site_name\" content=\"Dentibrackets\u00ae Cl\u00ednica Dental en Ciudad de M\u00e9xico | Todas las especialidades en un mismo lugar | Dentista Cerca De M\u00ed\" \/>\n<meta property=\"article:publisher\" content=\"https:\/\/www.facebook.com\/Dentibrackets.mx\/\" \/>\n<meta property=\"article:modified_time\" content=\"2026-05-14T01:55:22+00:00\" \/>\n<meta property=\"og:image\" content=\"https:\/\/dentibrackets.mx\/wp-content\/uploads\/2026\/04\/Dentibrackets\u00ae.jpg\" \/>\n\t<meta property=\"og:image:width\" content=\"1080\" \/>\n\t<meta property=\"og:image:height\" content=\"1350\" \/>\n\t<meta property=\"og:image:type\" content=\"image\/jpeg\" \/>\n<meta name=\"twitter:card\" content=\"summary_large_image\" \/>\n<script type=\"application\/ld+json\" class=\"yoast-schema-graph\">{\"@context\":\"https:\\\/\\\/schema.org\",\"@graph\":[{\"@type\":\"WebPage\",\"@id\":\"https:\\\/\\\/dentibrackets.mx\\\/index.php\\\/agenda-online\\\/\",\"url\":\"https:\\\/\\\/dentibrackets.mx\\\/index.php\\\/agenda-online\\\/\",\"name\":\"Agenda Online - Dentibrackets\u00ae Cl\u00ednica Dental en Ciudad de M\u00e9xico | Todas las especialidades en un mismo lugar | Dentista Cerca De M\u00ed\",\"isPartOf\":{\"@id\":\"https:\\\/\\\/dentibrackets.mx\\\/#website\"},\"datePublished\":\"2026-05-12T00:41:58+00:00\",\"dateModified\":\"2026-05-14T01:55:22+00:00\",\"breadcrumb\":{\"@id\":\"https:\\\/\\\/dentibrackets.mx\\\/index.php\\\/agenda-online\\\/#breadcrumb\"},\"inLanguage\":\"es\",\"potentialAction\":[{\"@type\":\"ReadAction\",\"target\":[\"https:\\\/\\\/dentibrackets.mx\\\/index.php\\\/agenda-online\\\/\"]}]},{\"@type\":\"BreadcrumbList\",\"@id\":\"https:\\\/\\\/dentibrackets.mx\\\/index.php\\\/agenda-online\\\/#breadcrumb\",\"itemListElement\":[{\"@type\":\"ListItem\",\"position\":1,\"name\":\"Portada\",\"item\":\"https:\\\/\\\/dentibrackets.mx\\\/\"},{\"@type\":\"ListItem\",\"position\":2,\"name\":\"Agenda Online\"}]},{\"@type\":\"WebSite\",\"@id\":\"https:\\\/\\\/dentibrackets.mx\\\/#website\",\"url\":\"https:\\\/\\\/dentibrackets.mx\\\/\",\"name\":\"Dentibrackets\u00ae Cl\u00ednica Dental en Ciudad de M\u00e9xico | Todas las especialidades en un mismo lugar | Dentista Cerca De M\u00ed\",\"description\":\"Todas las especialidades en un mismo lugar\",\"publisher\":{\"@id\":\"https:\\\/\\\/dentibrackets.mx\\\/#organization\"},\"alternateName\":\"Dentibrackets\u00ae Cl\u00ednica Dental\",\"potentialAction\":[{\"@type\":\"SearchAction\",\"target\":{\"@type\":\"EntryPoint\",\"urlTemplate\":\"https:\\\/\\\/dentibrackets.mx\\\/?s={search_term_string}\"},\"query-input\":{\"@type\":\"PropertyValueSpecification\",\"valueRequired\":true,\"valueName\":\"search_term_string\"}}],\"inLanguage\":\"es\"},{\"@type\":\"Organization\",\"@id\":\"https:\\\/\\\/dentibrackets.mx\\\/#organization\",\"name\":\"Dentibrackets\u00ae Cl\u00ednica Dental en Ciudad de M\u00e9xico | Todas las especialidades en un mismo lugar | Dentista Cerca De M\u00ed\",\"alternateName\":\"Dentibrackets\u00ae Cl\u00ednica Dental\",\"url\":\"https:\\\/\\\/dentibrackets.mx\\\/\",\"logo\":{\"@type\":\"ImageObject\",\"inLanguage\":\"es\",\"@id\":\"https:\\\/\\\/dentibrackets.mx\\\/#\\\/schema\\\/logo\\\/image\\\/\",\"url\":\"https:\\\/\\\/dentibrackets.mx\\\/wp-content\\\/uploads\\\/2024\\\/09\\\/logo-dentibrackets-2.png\",\"contentUrl\":\"https:\\\/\\\/dentibrackets.mx\\\/wp-content\\\/uploads\\\/2024\\\/09\\\/logo-dentibrackets-2.png\",\"width\":251,\"height\":66,\"caption\":\"Dentibrackets\u00ae Cl\u00ednica Dental en Ciudad de M\u00e9xico | Todas las especialidades en un mismo lugar | Dentista Cerca De M\u00ed\"},\"image\":{\"@id\":\"https:\\\/\\\/dentibrackets.mx\\\/#\\\/schema\\\/logo\\\/image\\\/\"},\"sameAs\":[\"https:\\\/\\\/www.facebook.com\\\/Dentibrackets.mx\\\/\",\"https:\\\/\\\/www.instagram.com\\\/dentibracketsmx\\\/\",\"https:\\\/\\\/www.youtube.com\\\/@dentibracketsmx\",\"https:\\\/\\\/www.tiktok.com\\\/@dentibrackets3\"]}]}<\/script>\n<!-- \/ Yoast SEO plugin. -->","yoast_head_json":{"title":"Agenda Online - Dentibrackets\u00ae Cl\u00ednica Dental en Ciudad de M\u00e9xico | Todas las especialidades en un mismo lugar | Dentista Cerca De M\u00ed","robots":{"index":"index","follow":"follow","max-snippet":"max-snippet:-1","max-image-preview":"max-image-preview:large","max-video-preview":"max-video-preview:-1"},"canonical":"https:\/\/dentibrackets.mx\/index.php\/agenda-online\/","og_locale":"es_ES","og_type":"article","og_title":"Agenda Online - Dentibrackets\u00ae Cl\u00ednica Dental en Ciudad de M\u00e9xico | Todas las especialidades en un mismo lugar | Dentista Cerca De M\u00ed","og_description":"Let\u2019s Scale with Confidence Discover the Future of Corporate Financial Management Current Challenges: I agree to receive communications from Kley, and I understand Kley will process my personal information in accordance with Kley Privacy Policy. Send Startup Solutions Discover How Kley Can Transform Your Business Finances The demo will be tailored to your specific needs [&hellip;]","og_url":"https:\/\/dentibrackets.mx\/index.php\/agenda-online\/","og_site_name":"Dentibrackets\u00ae Cl\u00ednica Dental en Ciudad de M\u00e9xico | Todas las especialidades en un mismo lugar | Dentista Cerca De M\u00ed","article_publisher":"https:\/\/www.facebook.com\/Dentibrackets.mx\/","article_modified_time":"2026-05-14T01:55:22+00:00","og_image":[{"width":1080,"height":1350,"url":"https:\/\/dentibrackets.mx\/wp-content\/uploads\/2026\/04\/Dentibrackets\u00ae.jpg","type":"image\/jpeg"}],"twitter_card":"summary_large_image","schema":{"@context":"https:\/\/schema.org","@graph":[{"@type":"WebPage","@id":"https:\/\/dentibrackets.mx\/index.php\/agenda-online\/","url":"https:\/\/dentibrackets.mx\/index.php\/agenda-online\/","name":"Agenda Online - Dentibrackets\u00ae Cl\u00ednica Dental en Ciudad de M\u00e9xico | Todas las especialidades en un mismo lugar | Dentista Cerca De M\u00ed","isPartOf":{"@id":"https:\/\/dentibrackets.mx\/#website"},"datePublished":"2026-05-12T00:41:58+00:00","dateModified":"2026-05-14T01:55:22+00:00","breadcrumb":{"@id":"https:\/\/dentibrackets.mx\/index.php\/agenda-online\/#breadcrumb"},"inLanguage":"es","potentialAction":[{"@type":"ReadAction","target":["https:\/\/dentibrackets.mx\/index.php\/agenda-online\/"]}]},{"@type":"BreadcrumbList","@id":"https:\/\/dentibrackets.mx\/index.php\/agenda-online\/#breadcrumb","itemListElement":[{"@type":"ListItem","position":1,"name":"Portada","item":"https:\/\/dentibrackets.mx\/"},{"@type":"ListItem","position":2,"name":"Agenda Online"}]},{"@type":"WebSite","@id":"https:\/\/dentibrackets.mx\/#website","url":"https:\/\/dentibrackets.mx\/","name":"Dentibrackets\u00ae Cl\u00ednica Dental en Ciudad de M\u00e9xico | Todas las especialidades en un mismo lugar | Dentista Cerca De M\u00ed","description":"Todas las especialidades en un mismo lugar","publisher":{"@id":"https:\/\/dentibrackets.mx\/#organization"},"alternateName":"Dentibrackets\u00ae Cl\u00ednica Dental","potentialAction":[{"@type":"SearchAction","target":{"@type":"EntryPoint","urlTemplate":"https:\/\/dentibrackets.mx\/?s={search_term_string}"},"query-input":{"@type":"PropertyValueSpecification","valueRequired":true,"valueName":"search_term_string"}}],"inLanguage":"es"},{"@type":"Organization","@id":"https:\/\/dentibrackets.mx\/#organization","name":"Dentibrackets\u00ae Cl\u00ednica Dental en Ciudad de M\u00e9xico | Todas las especialidades en un mismo lugar | Dentista Cerca De M\u00ed","alternateName":"Dentibrackets\u00ae Cl\u00ednica Dental","url":"https:\/\/dentibrackets.mx\/","logo":{"@type":"ImageObject","inLanguage":"es","@id":"https:\/\/dentibrackets.mx\/#\/schema\/logo\/image\/","url":"https:\/\/dentibrackets.mx\/wp-content\/uploads\/2024\/09\/logo-dentibrackets-2.png","contentUrl":"https:\/\/dentibrackets.mx\/wp-content\/uploads\/2024\/09\/logo-dentibrackets-2.png","width":251,"height":66,"caption":"Dentibrackets\u00ae Cl\u00ednica Dental en Ciudad de M\u00e9xico | Todas las especialidades en un mismo lugar | Dentista Cerca De M\u00ed"},"image":{"@id":"https:\/\/dentibrackets.mx\/#\/schema\/logo\/image\/"},"sameAs":["https:\/\/www.facebook.com\/Dentibrackets.mx\/","https:\/\/www.instagram.com\/dentibracketsmx\/","https:\/\/www.youtube.com\/@dentibracketsmx","https:\/\/www.tiktok.com\/@dentibrackets3"]}]}},"_hostinger_reach_plugin_has_subscription_block":false,"_hostinger_reach_plugin_is_elementor":false,"_links":{"self":[{"href":"https:\/\/dentibrackets.mx\/index.php\/wp-json\/wp\/v2\/pages\/647","targetHints":{"allow":["GET"]}}],"collection":[{"href":"https:\/\/dentibrackets.mx\/index.php\/wp-json\/wp\/v2\/pages"}],"about":[{"href":"https:\/\/dentibrackets.mx\/index.php\/wp-json\/wp\/v2\/types\/page"}],"author":[{"embeddable":true,"href":"https:\/\/dentibrackets.mx\/index.php\/wp-json\/wp\/v2\/users\/1"}],"replies":[{"embeddable":true,"href":"https:\/\/dentibrackets.mx\/index.php\/wp-json\/wp\/v2\/comments?post=647"}],"version-history":[{"count":7,"href":"https:\/\/dentibrackets.mx\/index.php\/wp-json\/wp\/v2\/pages\/647\/revisions"}],"predecessor-version":[{"id":670,"href":"https:\/\/dentibrackets.mx\/index.php\/wp-json\/wp\/v2\/pages\/647\/revisions\/670"}],"wp:attachment":[{"href":"https:\/\/dentibrackets.mx\/index.php\/wp-json\/wp\/v2\/media?parent=647"}],"curies":[{"name":"wp","href":"https:\/\/api.w.org\/{rel}","templated":true}]}}